{"id":3152,"date":"2014-02-04T11:09:50","date_gmt":"2014-02-04T10:09:50","guid":{"rendered":"http:\/\/housing.urv.cat\/?page_id=3152"},"modified":"2020-01-27T15:44:10","modified_gmt":"2020-01-27T14:44:10","slug":"mudec","status":"publish","type":"page","link":"https:\/\/housing.urv.cat\/es\/portada\/docencia\/mudec\/","title":{"rendered":"M\u00e1ster Derecho de la empresa y la contrataci\u00f3n"},"content":{"rendered":"<section  class='av_textblock_section av-k5wkacdd-339af330068a5aab12fbdace67f6dd51 '   itemscope=\"itemscope\" itemtype=\"https:\/\/schema.org\/CreativeWork\" ><div class='avia_textblock'  itemprop=\"text\" ><p><img loading=\"lazy\" decoding=\"async\" class=\"alignleft size-full wp-image-12598\" src=\"http:\/\/housing.urv.cat\/wp-content\/uploads\/2013\/09\/logo_peq.jpg\" alt=\"\" width=\"1000\" height=\"282\" \/><\/p>\n<p style=\"text-align: justify;\">El M\u00e1ster Universitario en Derecho de la Empresa y de la Contrataci\u00f3n de la URV tiene el objetivo principal de formar profesionales e investigadores responsables y competentes para el ejercicio profesional y la investigaci\u00f3n acad\u00e9mica, en el \u00e1mbito jur\u00eddico empresarial y de los contratos.<\/p>\n<p style=\"text-align: justify;\">En consecuencia, el m\u00e1ster permite obtener una formaci\u00f3n apropiada en los conceptos, conocimientos, habilidades y valores necesarios para que el alumno pueda desarrollarse con excelencia en los \u00e1mbitos de la asesor\u00eda jur\u00eddica de empresas, la mediaci\u00f3n y el arbitraje empresarial, la abogac\u00eda de empresa y la consultor\u00eda y auditor\u00eda de empresas.<\/p>\n<p style=\"text-align: justify;\">En este contexto, varios profesores vinculados a la c\u00e1tedra imparten docencia en este m\u00e1ster en asignaturas de contrataci\u00f3n y fiscalidad y, especialmente, en la asignatura de Contrataci\u00f3n Inmobiliaria.<\/p>\n<p style=\"text-align: justify;\">Toda la informaci\u00f3n sobre este m\u00e1ster se puede encontrar a <a href=\"http:\/\/www.urv.cat\/mudec\/\">http:\/\/www.urv.cat\/mudec\/<\/a>.<\/p>\n<\/div><\/section>\n","protected":false},"excerpt":{"rendered":"","protected":false},"author":2,"featured_media":0,"parent":3124,"menu_order":0,"comment_status":"open","ping_status":"closed","template":"","meta":{"footnotes":"","_wp_rev_ctl_limit":""},"class_list":["post-3152","page","type-page","status-publish","hentry"],"_links":{"self":[{"href":"https:\/\/housing.urv.cat\/es\/wp-json\/wp\/v2\/pages\/3152","targetHints":{"allow":["GET"]}}],"collection":[{"href":"https:\/\/housing.urv.cat\/es\/wp-json\/wp\/v2\/pages"}],"about":[{"href":"https:\/\/housing.urv.cat\/es\/wp-json\/wp\/v2\/types\/page"}],"author":[{"embeddable":true,"href":"https:\/\/housing.urv.cat\/es\/wp-json\/wp\/v2\/users\/2"}],"replies":[{"embeddable":true,"href":"https:\/\/housing.urv.cat\/es\/wp-json\/wp\/v2\/comments?post=3152"}],"version-history":[{"count":6,"href":"https:\/\/housing.urv.cat\/es\/wp-json\/wp\/v2\/pages\/3152\/revisions"}],"predecessor-version":[{"id":19615,"href":"https:\/\/housing.urv.cat\/es\/wp-json\/wp\/v2\/pages\/3152\/revisions\/19615"}],"up":[{"embeddable":true,"href":"https:\/\/housing.urv.cat\/es\/wp-json\/wp\/v2\/pages\/3124"}],"wp:attachment":[{"href":"https:\/\/housing.urv.cat\/es\/wp-json\/wp\/v2\/media?parent=3152"}],"curies":[{"name":"wp","href":"https:\/\/api.w.org\/{rel}","templated":true}]}}

Máster Derecho de la empresa y la contratación

<section  class='av_textblock_section av-k5wkacdd-339af330068a5aab12fbdace67f6dd51 '   itemscope="itemscope" itemtype="https://schema.org/CreativeWork" ><div class='avia_textblock'  itemprop="text" ><p><img loading="lazy" decoding="async" class="alignleft size-full wp-image-12598" src="http://housing.urv.cat/wp-content/uploads/2013/09/logo_peq.jpg" alt="" width="1000" height="282" /></p>
<p style="text-align: justify;">El Máster Universitario en Derecho de la Empresa y de la Contratación de la URV tiene el objetivo principal de formar profesionales e investigadores responsables y competentes para el ejercicio profesional y la investigación académica, en el ámbito jurídico empresarial y de los contratos.</p>
<p style="text-align: justify;">En consecuencia, el máster permite obtener una formación apropiada en los conceptos, conocimientos, habilidades y valores necesarios para que el alumno pueda desarrollarse con excelencia en los ámbitos de la asesoría jurídica de empresas, la mediación y el arbitraje empresarial, la abogacía de empresa y la consultoría y auditoría de empresas.</p>
<p style="text-align: justify;">En este contexto, varios profesores vinculados a la cátedra imparten docencia en este máster en asignaturas de contratación y fiscalidad y, especialmente, en la asignatura de Contratación Inmobiliaria.</p>
<p style="text-align: justify;">Toda la información sobre este máster se puede encontrar a <a href="http://www.urv.cat/mudec/">http://www.urv.cat/mudec/</a>.</p>
</div></section>
