{"id":9263,"date":"2017-06-24T21:15:37","date_gmt":"2017-06-24T19:15:37","guid":{"rendered":"http:\/\/housing.urv.cat\/?page_id=9263\/"},"modified":"2020-02-03T17:47:32","modified_gmt":"2020-02-03T16:47:32","slug":"social-impact","status":"publish","type":"page","link":"https:\/\/housing.urv.cat\/en\/social-impact\/","title":{"rendered":"Social impact"},"content":{"rendered":"<section  class='av_textblock_section av-k265p2ik-3b78c138d5d7a642722a172a94855304 '   itemscope=\"itemscope\" itemtype=\"https:\/\/schema.org\/CreativeWork\" ><div class='avia_textblock'  itemprop=\"text\" ><h3>1. Social impact<\/h3>\n<p>The social impact of <strong>the Chair&#8217;s research line in housing seeks to facilitate access to housing for families and prevent their loss<\/strong>.<\/p>\n<p>The clearest <strong>evidence<\/strong> so far is the development of <strong>four housing laws that have influenced improving access conditions for 47 million people<\/strong>.<\/p>\n<h3>2. Context<\/h3>\n<p>The economic crisis, which began in 2007 with a ratio of up to 80,000 evictions\/year in Spain and which still lasts, has revealed the importance that housing has for both the economy and people. <strong>Housing<\/strong> is, in fact, the only good that <strong>is both a financial asset and a human right<\/strong>.<\/p>\n<p>This is what makes our research so special, that we develop it interdisciplinarily and holistically: <strong>housing as a human righ<\/strong>t, <strong>access to housing<\/strong>, <strong>management and organization of housing<\/strong> and <strong>housing as a capital or economic asset<\/strong>. Our work has received the ICREA Academy 2016-2020 award.<\/p>\n<p>In addition, the fact that the URV Chair of Housing has 12 partners from the professional world and the Administration means that <strong>its research is linked to society and stakeholders, the the day to day needs, problems and challenges of this sector<\/strong>.<\/p>\n<p>In fact, according to Ms. Pilar Mart\u00ednez, former <strong>Director General of Housing<\/strong> of the Ministry of Development, in the public presentation of the Chair in 2014 \u00a0stated that &#8220;if [it] existed years before the 2007 crisis, <strong>we could have foreseen it or reduce its consequences<\/strong>.&#8221;<\/p>\n<h3>3. Impact achieved<\/h3>\n<p>Our line of research seeks to <strong>improve access to housing and prevent its loss<\/strong>, so we give a clear <strong>return<\/strong> to society.<\/p>\n<p>Figure 1 shows our value chain, taking as an <strong>example<\/strong> three of the projects that make up this line of research:<\/p>\n<ol>\n<li><strong>Intermediate tenures<\/strong>. The <strong>problem<\/strong> to solve is the impossibility of the middle and lower classes to access a stable housing in property without becoming over-indebtedness. <strong>Solution<\/strong> resulting from the research: creation of two intermediate housing\u00a0tenures\u00a0(shared ownership and temporary ownership) unknown since Napoleon&#8217;s times. Evidence of <strong>social impact<\/strong> up to now: Law 19\/2015 has been drafted affecting 7.5 million Catalans who can access a house in a stable, flexible and non-over-indebted manner. Developing an on-line &#8220;Family Effort Calculator&#8221; to help individuals and professionals choose the best type\u00a0of housing tenure. It is transferable, since one of its first real uses has been to buy a <a href=\"http:\/\/www.ccma.cat\/324\/la-propietat-temporal-i-la-compartida-dues-noves-figures-per-donar-sortida-a-locals-i-edificis-buits-en-desus\/noticia\/2701382\/\">hardware<\/a> store and we have exported them to Poland and Ireland.<\/li>\n<li><strong>Housing tenancies<\/strong>. <strong>Problem<\/strong>: With the European project TENLAW we studied why tenancies\u00a0work in\u00a0some countries and not others, like Spain. <strong>Solution<\/strong>: rents should be regulated as a real alternative to the property, to avoid future real estate bubbles. Evidence of <strong>social impact<\/strong>: In 2013 we contributed to the reform of the State Lease Law (LAU), affecting 48 million people and in 2017 we have designed some principles for Catalonia, contributing to the implementation of the first <a href=\"http:\/\/agenciahabitatge.gencat.cat\/indexdelloguer\/\">Reference Rate of leases<\/a>\u00a0in Spain, contributing decisively to the transparency and dynamisation of this market. The web &#8220;<a href=\"http:\/\/www.infovivienda.es\">Infovivienda<\/a>&#8221; already solved since May 2017 doubts of owners, professionals and tenants, fruit of our investigation.<\/li>\n<li><a href=\"http:\/\/ec.europa.eu\/social\/main.jsp?catId=738&amp;langId=en&amp;pubId=7892&amp;type=2&amp;furtherPubs=yes\"><strong>Evictions and homelessness<\/strong><\/a>. <strong>Problem<\/strong>: how many\u00a0are being evicted in\u00a0Europe and who ends up homeless. <strong>Solution<\/strong>: We have found measures that work to prevent, tackle\u00a0and react to these phenomena and that we can apply locally. Evidence of <strong>social impact<\/strong>: we have produced a documentary (&#8220;<a href=\"https:\/\/www.facebook.com\/thelinedocumental\/?ref=nf\">The Line<\/a>&#8220;) that seeks to raise awareness among politicians and society in general about the problem of &#8220;homelessness&#8221;.<\/li>\n<\/ol>\n<p><img loading=\"lazy\" decoding=\"async\" class=\"aligncenter size-full wp-image-9269\" src=\"http:\/\/housing.urv.cat\/wp-content\/uploads\/2017\/06\/DiapoCATcercle.jpg\" alt=\"\" width=\"720\" height=\"540\" \/><\/p>\n<p style=\"text-align: center;\"><strong>Figure 1.<\/strong> Value chain<\/p>\n<p id=\"tw-target-text\" class=\"tw-data-text tw-ta tw-text-small\" dir=\"ltr\" data-placeholder=\"Traducci\u00f3n\"><span lang=\"en\">By translating our research into civil laws, our impact is <strong>sustainable<\/strong>, since they do not have a cost to the Public Administration and can last for years. <\/span><\/p>\n<p class=\"tw-data-text tw-ta tw-text-small\" dir=\"ltr\" data-placeholder=\"Traducci\u00f3n\"><span lang=\"en\">Figure 2 briefly shows the <strong>evidence of the social impact<\/strong> we have so far of all projects.<\/span><\/p>\n<p class=\"tw-data-text tw-ta tw-text-small\" dir=\"ltr\" data-placeholder=\"Traducci\u00f3n\"><img loading=\"lazy\" decoding=\"async\" class=\"aligncenter size-full wp-image-9328\" src=\"http:\/\/housing.urv.cat\/wp-content\/uploads\/2017\/06\/Impacto-social-3-3-2017-ENG.png\" alt=\"\" width=\"1760\" height=\"1330\" \/><\/p>\n<p style=\"text-align: center;\"><strong>Figure 2.<\/strong> Evidences of social impact in research of housing (2017)<\/p>\n<h3>4. Impact contribution<\/h3>\n<p>To promote the effectiveness of the right to adequate and adequate housing is provided for in the <strong>Spanish Constitution<\/strong> (Articles 10 and 47), the <strong>Statute of Autonomy of Catalonia<\/strong> (Article 26), the <strong>State Housing Plan<\/strong> (2013-2017), is a <strong>Social Pillar of the EU<\/strong> and is present in the <strong>New Urban Agenda Habitat III<\/strong> 2016 of the UN, where the line of action is marked worldwide for the next 20 years.<\/p>\n<p>In fact, our contribution is multi-level:<\/p>\n<ol>\n<li><strong>International<\/strong>. <strong>UNESCO<\/strong> and the <strong>UN<\/strong> have invited us to collaborate in the implementation of the New Urban Agenda, given our know-how in bringing research to the legislative and policy realities.<\/li>\n<li><strong>EU field<\/strong>. We advise to\u00a0the European Parliament on the problem of <a href=\"http:\/\/www.europarl.europa.eu\/RegData\/etudes\/STUD\/2016\/556936\/IPOL_STU(2016)556936_EN.pdf\">cross-border\u00a0real estate transactions<\/a> and also the European Commission in topics related to the <a href=\"https:\/\/ec.europa.eu\/info\/finance-events-160201-covered-bonds_en\">mortgage market<\/a>.<\/li>\n<li><strong>Spanish\u00a0scope<\/strong>. We have participated in the elaboration of Law 4\/2013 (LAU) and the <a href=\"http:\/\/www.urv.cat\/ca\/universitat\/coneixeu\/persones\/professorat-destacar\/52\/sergio-nasarre\">Spanish\u00a0Housing Plan <\/a>from 2013 to 2017. We also highlight the collaboration with professional initiatives, such as &#8220;<a href=\"https:\/\/blogthehound.wordpress.com\">The Hound<\/a>&#8221; and\u00a0<a href=\"http:\/\/www.reviuresolanell.com\">Revivir el Solanell<\/a> projects, and banking ones such as the reverse mortgage (BBVA) and the condohoteles (Banco Sabadell).<\/li>\n<li><strong>Catalan field<\/strong>. We have promoted and contributed to the preparation of Law 20\/2014 (protection of mortgage consumers) and Law 19\/2015 (intermediate tenures).<\/li>\n<li><strong>Local scope<\/strong>. We have participated in the delimitation of the objectives and implementation of the action plans of both councils (<a href=\"https:\/\/www.tarragona.cat\/serveis-a-la-persona\/noticies\/serveis-a-les-persones\/l2019ajuntament-impulsa-un-pla-d2019accio-per-abordar-el-sensellarisme-1\">homelessness<\/a>) and provincial councils (<a href=\"http:\/\/www1.diba.cat\/llibreria\/lstDetall_Publicacions.asp?Opener=Libreria&amp;ID=57962\">reparations\u00a0<em>in lieu<\/em> of rent<\/a>).<\/li>\n<li>Finally, it is worth mentioning that we are a meeting point between the different professionals of the sector through workshops and workshops that we organize and the society. Invited to &#8220;Do you want to know what I investigate?&#8221; (<a href=\"https:\/\/www.youtube.com\/watch?v=aqyI-9uig3s\">ComCiencia of the URV<\/a>) and the &#8220;<a href=\"https:\/\/tedxgracia.com\/hope\/\">TEDx Gracia<\/a>&#8220;.<\/li>\n<\/ol>\n<h3>5. Researching to improve people&#8217;s access to housing<\/h3>\n<\/div><\/section>\n<div  class='avia-video av-2e8u4f-41297427a857bd1c80fad15a8401d0f7 avia-video-16-9 av-no-preview-image avia-video-load-always av-lazyload-immediate av-lazyload-video-embed'  itemprop=\"video\" itemtype=\"https:\/\/schema.org\/VideoObject\"  data-original_url='https:\/\/www.youtube.com\/watch?v=ptS6PmBhMCE&amp;feature=youtu.be'><script type='text\/html' class='av-video-tmpl'><div class='avia-iframe-wrap'><iframe loading=\"lazy\" width=\"1500\" height=\"844\" src=\"https:\/\/www.youtube.com\/embed\/ptS6PmBhMCE?feature=oembed&autoplay=0&loop=0&controls=1&mute=0\" frameborder=\"0\" allowfullscreen><\/iframe><\/div><\/script><div class='av-click-to-play-overlay'><div class=\"avia_playpause_icon\"><\/div><\/div><\/div>\n<section  class='av_textblock_section av-k265qhmh-0db6f28141f79309e454545a2c753acf '   itemscope=\"itemscope\" itemtype=\"https:\/\/schema.org\/CreativeWork\" ><div class='avia_textblock'  itemprop=\"text\" ><h3>6. Awards<\/h3>\n<p><img loading=\"lazy\" decoding=\"async\" class=\"alignleft wp-image-18511\" src=\"http:\/\/housing.urv.cat\/wp-content\/uploads\/2019\/10\/Captura-de-Pantalla-2019-10-25-a-les-15.11.09.jpg\" alt=\"\" width=\"332\" height=\"178\" \/>The Threshold: promoting protection of the right to housing \u2013\u00a0Homelessnes prevention in the context of evictions\u201d, a research project promoted by the UNESCO Housing Chair, has been awarded a prize from the Social Council URV due to its social impact. This social impact award recognizes, under the category of social sciences and humanities, those research projects that are expected to improve the society. The proposal was submitted by Sergio Nasarre, Estela Rivas and Juan Luis Gonzalo, thanks also to the collaboration of Marc Sol\u00e9, Ariadna Gonz\u00e1lez, H\u00e9ctor Herrero, Isidre Monreal, Neus Sabat\u00e9, Javier Coca and Jordi de Andr\u00e9s.<\/p>\n<p><a href=\"http:\/\/diaridigital.urv.cat\/el-consell-social-premia-limpacte-social-de-cinc-projectes-de-recerca-de-la-urv\/\">http:\/\/diaridigital.urv.cat\/el-consell-social-premia-limpacte-social-de-cinc-projectes-de-recerca-de-la-urv\/<\/a><\/p>\n<div class=\"\"><span class=\"\">In the following link you may find a video related to the social impact award: <\/span><span class=\"\"><a class=\"\" href=\"https:\/\/www.youtube.com\/watch?v=gLwBCEXh0q4\" target=\"_blank\" rel=\"noopener noreferrer\" data-auth=\"NotApplicable\">https:\/\/www.youtube.com\/watch?v=gLwBCEXh0q4<\/a><\/span><\/div>\n<\/div><\/section>\n","protected":false},"excerpt":{"rendered":"","protected":false},"author":2,"featured_media":0,"parent":0,"menu_order":0,"comment_status":"closed","ping_status":"closed","template":"","meta":{"footnotes":"","_wp_rev_ctl_limit":""},"class_list":["post-9263","page","type-page","status-publish","hentry"],"_links":{"self":[{"href":"https:\/\/housing.urv.cat\/en\/wp-json\/wp\/v2\/pages\/9263","targetHints":{"allow":["GET"]}}],"collection":[{"href":"https:\/\/housing.urv.cat\/en\/wp-json\/wp\/v2\/pages"}],"about":[{"href":"https:\/\/housing.urv.cat\/en\/wp-json\/wp\/v2\/types\/page"}],"author":[{"embeddable":true,"href":"https:\/\/housing.urv.cat\/en\/wp-json\/wp\/v2\/users\/2"}],"replies":[{"embeddable":true,"href":"https:\/\/housing.urv.cat\/en\/wp-json\/wp\/v2\/comments?post=9263"}],"version-history":[{"count":11,"href":"https:\/\/housing.urv.cat\/en\/wp-json\/wp\/v2\/pages\/9263\/revisions"}],"predecessor-version":[{"id":19782,"href":"https:\/\/housing.urv.cat\/en\/wp-json\/wp\/v2\/pages\/9263\/revisions\/19782"}],"wp:attachment":[{"href":"https:\/\/housing.urv.cat\/en\/wp-json\/wp\/v2\/media?parent=9263"}],"curies":[{"name":"wp","href":"https:\/\/api.w.org\/{rel}","templated":true}]}}

<section  class='av_textblock_section av-k265p2ik-3b78c138d5d7a642722a172a94855304 '   itemscope="itemscope" itemtype="https://schema.org/CreativeWork" ><div class='avia_textblock'  itemprop="text" ><h3>1. Social impact</h3>
<p>The social impact of <strong>the Chair&#8217;s research line in housing seeks to facilitate access to housing for families and prevent their loss</strong>.</p>
<p>The clearest <strong>evidence</strong> so far is the development of <strong>four housing laws that have influenced improving access conditions for 47 million people</strong>.</p>
<h3>2. Context</h3>
<p>The economic crisis, which began in 2007 with a ratio of up to 80,000 evictions/year in Spain and which still lasts, has revealed the importance that housing has for both the economy and people. <strong>Housing</strong> is, in fact, the only good that <strong>is both a financial asset and a human right</strong>.</p>
<p>This is what makes our research so special, that we develop it interdisciplinarily and holistically: <strong>housing as a human righ</strong>t, <strong>access to housing</strong>, <strong>management and organization of housing</strong> and <strong>housing as a capital or economic asset</strong>. Our work has received the ICREA Academy 2016-2020 award.</p>
<p>In addition, the fact that the URV Chair of Housing has 12 partners from the professional world and the Administration means that <strong>its research is linked to society and stakeholders, the the day to day needs, problems and challenges of this sector</strong>.</p>
<p>In fact, according to Ms. Pilar Martínez, former <strong>Director General of Housing</strong> of the Ministry of Development, in the public presentation of the Chair in 2014  stated that &#8220;if [it] existed years before the 2007 crisis, <strong>we could have foreseen it or reduce its consequences</strong>.&#8221;</p>
<h3>3. Impact achieved</h3>
<p>Our line of research seeks to <strong>improve access to housing and prevent its loss</strong>, so we give a clear <strong>return</strong> to society.</p>
<p>Figure 1 shows our value chain, taking as an <strong>example</strong> three of the projects that make up this line of research:</p>
<ol>
<li><strong>Intermediate tenures</strong>. The <strong>problem</strong> to solve is the impossibility of the middle and lower classes to access a stable housing in property without becoming over-indebtedness. <strong>Solution</strong> resulting from the research: creation of two intermediate housing tenures (shared ownership and temporary ownership) unknown since Napoleon&#8217;s times. Evidence of <strong>social impact</strong> up to now: Law 19/2015 has been drafted affecting 7.5 million Catalans who can access a house in a stable, flexible and non-over-indebted manner. Developing an on-line &#8220;Family Effort Calculator&#8221; to help individuals and professionals choose the best type of housing tenure. It is transferable, since one of its first real uses has been to buy a <a href="http://www.ccma.cat/324/la-propietat-temporal-i-la-compartida-dues-noves-figures-per-donar-sortida-a-locals-i-edificis-buits-en-desus/noticia/2701382/">hardware</a> store and we have exported them to Poland and Ireland.</li>
<li><strong>Housing tenancies</strong>. <strong>Problem</strong>: With the European project TENLAW we studied why tenancies work in some countries and not others, like Spain. <strong>Solution</strong>: rents should be regulated as a real alternative to the property, to avoid future real estate bubbles. Evidence of <strong>social impact</strong>: In 2013 we contributed to the reform of the State Lease Law (LAU), affecting 48 million people and in 2017 we have designed some principles for Catalonia, contributing to the implementation of the first <a href="http://agenciahabitatge.gencat.cat/indexdelloguer/">Reference Rate of leases</a> in Spain, contributing decisively to the transparency and dynamisation of this market. The web &#8220;<a href="http://www.infovivienda.es">Infovivienda</a>&#8221; already solved since May 2017 doubts of owners, professionals and tenants, fruit of our investigation.</li>
<li><a href="http://ec.europa.eu/social/main.jsp?catId=738&amp;langId=en&amp;pubId=7892&amp;type=2&amp;furtherPubs=yes"><strong>Evictions and homelessness</strong></a>. <strong>Problem</strong>: how many are being evicted in Europe and who ends up homeless. <strong>Solution</strong>: We have found measures that work to prevent, tackle and react to these phenomena and that we can apply locally. Evidence of <strong>social impact</strong>: we have produced a documentary (&#8220;<a href="https://www.facebook.com/thelinedocumental/?ref=nf">The Line</a>&#8220;) that seeks to raise awareness among politicians and society in general about the problem of &#8220;homelessness&#8221;.</li>
</ol>
<p><img loading="lazy" decoding="async" class="aligncenter size-full wp-image-9269" src="http://housing.urv.cat/wp-content/uploads/2017/06/DiapoCATcercle.jpg" alt="" width="720" height="540" /></p>
<p style="text-align: center;"><strong>Figure 1.</strong> Value chain</p>
<p id="tw-target-text" class="tw-data-text tw-ta tw-text-small" dir="ltr" data-placeholder="Traducción"><span lang="en">By translating our research into civil laws, our impact is <strong>sustainable</strong>, since they do not have a cost to the Public Administration and can last for years. </span></p>
<p class="tw-data-text tw-ta tw-text-small" dir="ltr" data-placeholder="Traducción"><span lang="en">Figure 2 briefly shows the <strong>evidence of the social impact</strong> we have so far of all projects.</span></p>
<p class="tw-data-text tw-ta tw-text-small" dir="ltr" data-placeholder="Traducción"><img loading="lazy" decoding="async" class="aligncenter size-full wp-image-9328" src="http://housing.urv.cat/wp-content/uploads/2017/06/Impacto-social-3-3-2017-ENG.png" alt="" width="1760" height="1330" /></p>
<p style="text-align: center;"><strong>Figure 2.</strong> Evidences of social impact in research of housing (2017)</p>
<h3>4. Impact contribution</h3>
<p>To promote the effectiveness of the right to adequate and adequate housing is provided for in the <strong>Spanish Constitution</strong> (Articles 10 and 47), the <strong>Statute of Autonomy of Catalonia</strong> (Article 26), the <strong>State Housing Plan</strong> (2013-2017), is a <strong>Social Pillar of the EU</strong> and is present in the <strong>New Urban Agenda Habitat III</strong> 2016 of the UN, where the line of action is marked worldwide for the next 20 years.</p>
<p>In fact, our contribution is multi-level:</p>
<ol>
<li><strong>International</strong>. <strong>UNESCO</strong> and the <strong>UN</strong> have invited us to collaborate in the implementation of the New Urban Agenda, given our know-how in bringing research to the legislative and policy realities.</li>
<li><strong>EU field</strong>. We advise to the European Parliament on the problem of <a href="http://www.europarl.europa.eu/RegData/etudes/STUD/2016/556936/IPOL_STU(2016)556936_EN.pdf">cross-border real estate transactions</a> and also the European Commission in topics related to the <a href="https://ec.europa.eu/info/finance-events-160201-covered-bonds_en">mortgage market</a>.</li>
<li><strong>Spanish scope</strong>. We have participated in the elaboration of Law 4/2013 (LAU) and the <a href="http://www.urv.cat/ca/universitat/coneixeu/persones/professorat-destacar/52/sergio-nasarre">Spanish Housing Plan </a>from 2013 to 2017. We also highlight the collaboration with professional initiatives, such as &#8220;<a href="https://blogthehound.wordpress.com">The Hound</a>&#8221; and <a href="http://www.reviuresolanell.com">Revivir el Solanell</a> projects, and banking ones such as the reverse mortgage (BBVA) and the condohoteles (Banco Sabadell).</li>
<li><strong>Catalan field</strong>. We have promoted and contributed to the preparation of Law 20/2014 (protection of mortgage consumers) and Law 19/2015 (intermediate tenures).</li>
<li><strong>Local scope</strong>. We have participated in the delimitation of the objectives and implementation of the action plans of both councils (<a href="https://www.tarragona.cat/serveis-a-la-persona/noticies/serveis-a-les-persones/l2019ajuntament-impulsa-un-pla-d2019accio-per-abordar-el-sensellarisme-1">homelessness</a>) and provincial councils (<a href="http://www1.diba.cat/llibreria/lstDetall_Publicacions.asp?Opener=Libreria&amp;ID=57962">reparations <em>in lieu</em> of rent</a>).</li>
<li>Finally, it is worth mentioning that we are a meeting point between the different professionals of the sector through workshops and workshops that we organize and the society. Invited to &#8220;Do you want to know what I investigate?&#8221; (<a href="https://www.youtube.com/watch?v=aqyI-9uig3s">ComCiencia of the URV</a>) and the &#8220;<a href="https://tedxgracia.com/hope/">TEDx Gracia</a>&#8220;.</li>
</ol>
<h3>5. Researching to improve people&#8217;s access to housing</h3>
</div></section>
<div  class='avia-video av-2e8u4f-41297427a857bd1c80fad15a8401d0f7 avia-video-16-9 av-no-preview-image avia-video-load-always av-lazyload-immediate av-lazyload-video-embed'  itemprop="video" itemtype="https://schema.org/VideoObject"  data-original_url='https://www.youtube.com/watch?v=ptS6PmBhMCE&amp;feature=youtu.be'><script type='text/html' class='av-video-tmpl'><div class='avia-iframe-wrap'><iframe loading="lazy" width="1500" height="844" src="https://www.youtube.com/embed/ptS6PmBhMCE?feature=oembed&autoplay=0&loop=0&controls=1&mute=0" frameborder="0" allowfullscreen></iframe></div></script><div class='av-click-to-play-overlay'><div class="avia_playpause_icon"></div></div></div>
<section  class='av_textblock_section av-k265qhmh-0db6f28141f79309e454545a2c753acf '   itemscope="itemscope" itemtype="https://schema.org/CreativeWork" ><div class='avia_textblock'  itemprop="text" ><h3>6. Awards</h3>
<p><img loading="lazy" decoding="async" class="alignleft wp-image-18511" src="http://housing.urv.cat/wp-content/uploads/2019/10/Captura-de-Pantalla-2019-10-25-a-les-15.11.09.jpg" alt="" width="332" height="178" />The Threshold: promoting protection of the right to housing – Homelessnes prevention in the context of evictions”, a research project promoted by the UNESCO Housing Chair, has been awarded a prize from the Social Council URV due to its social impact. This social impact award recognizes, under the category of social sciences and humanities, those research projects that are expected to improve the society. The proposal was submitted by Sergio Nasarre, Estela Rivas and Juan Luis Gonzalo, thanks also to the collaboration of Marc Solé, Ariadna González, Héctor Herrero, Isidre Monreal, Neus Sabaté, Javier Coca and Jordi de Andrés.</p>
<p><a href="http://diaridigital.urv.cat/el-consell-social-premia-limpacte-social-de-cinc-projectes-de-recerca-de-la-urv/">http://diaridigital.urv.cat/el-consell-social-premia-limpacte-social-de-cinc-projectes-de-recerca-de-la-urv/</a></p>
<div class=""><span class="">In the following link you may find a video related to the social impact award: </span><span class=""><a class="" href="https://www.youtube.com/watch?v=gLwBCEXh0q4" target="_blank" rel="noopener noreferrer" data-auth="NotApplicable">https://www.youtube.com/watch?v=gLwBCEXh0q4</a></span></div>
</div></section>
