{"id":19355,"date":"2020-01-14T09:31:04","date_gmt":"2020-01-14T08:31:04","guid":{"rendered":"http:\/\/housing.urv.cat\/cover\/conferences\/8e-seminari-cientific-internacional\/"},"modified":"2020-01-14T09:31:04","modified_gmt":"2020-01-14T08:31:04","slug":"8e-seminari-cientific-internacional","status":"publish","type":"page","link":"https:\/\/housing.urv.cat\/en\/cover\/conferences\/8e-seminari-cientific-internacional\/","title":{"rendered":"8\u00e8 Seminari cient\u00edfic internacional"},"content":{"rendered":"\n<style type=\"text\/css\" data-created_by=\"avia_inline_auto\" id=\"style-css-av-k5dm4u2i-e219713a8f44917724efb1c0374a1165\">\n.avia-image-container.av-k5dm4u2i-e219713a8f44917724efb1c0374a1165 img.avia_image{\nbox-shadow:none;\n}\n.avia-image-container.av-k5dm4u2i-e219713a8f44917724efb1c0374a1165 .av-image-caption-overlay-center{\ncolor:#ffffff;\n}\n<\/style>\n<div  class='avia-image-container av-k5dm4u2i-e219713a8f44917724efb1c0374a1165 av-styling- avia-align-center  avia-builder-el-0  el_before_av_heading  avia-builder-el-first '   itemprop=\"image\" itemscope=\"itemscope\" itemtype=\"https:\/\/schema.org\/ImageObject\" ><div class=\"avia-image-container-inner\"><div class=\"avia-image-overlay-wrap\"><img decoding=\"async\" fetchpriority=\"high\" class='wp-image-14561 avia-img-lazy-loading-not-14561 avia_image ' src=\"https:\/\/housing.urv.cat\/wp-content\/uploads\/2017\/09\/logo-footer-catedra-unesco-habitatge-cat.png\" alt='' title='logo-footer-catedra-unesco-habitatge-cat'  height=\"160\" width=\"600\"  itemprop=\"thumbnailUrl\"  \/><\/div><\/div><\/div>\n\n<style type=\"text\/css\" data-created_by=\"avia_inline_auto\" id=\"style-css-av-av_heading-bc69054b00b48b35d41852070480183c\">\n#top .av-special-heading.av-av_heading-bc69054b00b48b35d41852070480183c{\npadding-bottom:10px;\n}\nbody .av-special-heading.av-av_heading-bc69054b00b48b35d41852070480183c .av-special-heading-tag .heading-char{\nfont-size:25px;\n}\n.av-special-heading.av-av_heading-bc69054b00b48b35d41852070480183c .av-subheading{\nfont-size:15px;\n}\n<\/style>\n<div  class='av-special-heading av-av_heading-bc69054b00b48b35d41852070480183c av-special-heading-h3  avia-builder-el-1  el_after_av_image  el_before_av_hr '><h3 class='av-special-heading-tag '  itemprop=\"headline\"  >8\u00e8 Seminari cient\u00edfic internacional: <span class='special_amp'>\u201c<\/span>Els \u00edndex de refer\u00e8ncia de preus de lloguer: el cas de Berl\u00edn<span class='special_amp'>\u201d<\/span><\/h3><div class=\"special-heading-border\"><div class=\"special-heading-inner-border\"><\/div><\/div><\/div>\n<div  class='hr av-pcu7lo-4e579072d638d02691c89457e8748ff6 hr-default  avia-builder-el-2  el_after_av_heading  el_before_av_textblock '><span class='hr-inner '><span class=\"hr-inner-style\"><\/span><\/span><\/div>\n<section  class='av_textblock_section av-k5dm5tv3-f104004c3a24ec9917785cb414dbd1f0 '   itemscope=\"itemscope\" itemtype=\"https:\/\/schema.org\/CreativeWork\" ><div class='avia_textblock'  itemprop=\"text\" ><p style=\"text-align: center;\">Tarragona, <strong>dimecres 5 de febrer<\/strong> de 2020, <strong>12:00h<\/strong><\/p>\n<p style=\"text-align: center;\"><strong>Sala de Juntes<\/strong>, Campus Catalunya URV<\/p>\n<p style=\"text-align: center;\">Av. Catalunya, 35, Tarragona<\/p>\n<\/div><\/section>\n<div  class='hr av-tl0lto-5960d798f7b01259d65eb89e8bf65c6f hr-default  avia-builder-el-4  el_after_av_textblock  el_before_av_textblock '><span class='hr-inner '><span class=\"hr-inner-style\"><\/span><\/span><\/div>\n<section  class='av_textblock_section av-k5dm65hd-d46325abf20aec442b50f5777429cef6 '   itemscope=\"itemscope\" itemtype=\"https:\/\/schema.org\/CreativeWork\" ><div class='avia_textblock'  itemprop=\"text\" ><p><strong>Programa<\/strong><\/p>\n<p>12:00-12:15: <strong>Inauguraci\u00f3<\/strong> del seminari per part del <strong>Prof. Dr. Sergio Nasarre Aznar<\/strong>, Catedr\u00e0tic de Dret Civil i Director de la C\u00e0tedra UNESCO d\u2019Habitatge<\/p>\n<p>12:15-13:00: <strong>Pon\u00e8ncia<\/strong>: \u201c<em>Alleviating Housing Shortage and Intensification through Rent Freeze and Rent Caps? The case of the City of Berlin<\/em>\u201d, a c\u00e0rrec del <strong>Prof. Dr. Christoph U. Schmid<\/strong>, Catedr\u00e0tic de Dret Civil a la Universitat de Bremen (Alemanya)<em>. <\/em><\/p>\n<p><em>\u00a0<\/em><\/p>\n<p>13:00-13:30: <strong>Discussi\u00f3<\/strong><\/p>\n<p>Assist\u00e8ncia lliure. Es necessita inscripci\u00f3. Inscripci\u00f3 gratu\u00efta.<\/p>\n<p>Per a procedir a la inscripci\u00f3 i per a m\u00e9s informaci\u00f3, contactar a <a href=\"mailto:nuria.lambea@urv.cat\">nuria.lambea@urv.cat<\/a> o al tel\u00e8fon 977 55 83 61.<\/p>\n<\/div><\/section>\n<div  class='hr av-2xga58-4619118ecb646096dda2917e1ec426c8 hr-default  avia-builder-el-6  el_after_av_textblock  el_before_av_textblock '><span class='hr-inner '><span class=\"hr-inner-style\"><\/span><\/span><\/div>\n<section  class='av_textblock_section av-k5dmdjmo-3ee2f21ba87123172e81427aa8863138 '   itemscope=\"itemscope\" itemtype=\"https:\/\/schema.org\/CreativeWork\" ><div class='avia_textblock'  itemprop=\"text\" ><p style=\"text-align: justify;\"><img loading=\"lazy\" decoding=\"async\" class=\"alignleft wp-image-19325 \" src=\"http:\/\/housing.urv.cat\/wp-content\/uploads\/2020\/01\/Foto-Christoph-Schmid-249x300.jpg\" alt=\"\" width=\"174\" height=\"210\" \/>El <strong>Prof. Dr. Christoph U. Schmid <\/strong>\u00e9s Catedr\u00e0tic de Dret civil a la Universitat de Bremen (Alemanya) i treballa en els camps del Dret privat, comparat i econ\u00f2mic europeu. Els seus principals projectes de recerca anteriors tracten la interacci\u00f3 de la Llei de vendes de les Nacions Unides i el dret intern i el conflicte entre el comer\u00e7 i el dret constitucional internacional, europeu i nacional. La seva tesi d&#8217;habilitaci\u00f3 es va dedicar a l\u2019europe\u00eftzaci\u00f3 del Dret privat i va analitzar el canvi de paradigmes socio-jur\u00eddics b\u00e0sics com a conseq\u00fc\u00e8ncia del proc\u00e9s d&#8217;integraci\u00f3. El seu treball m\u00e9s recent tracta la legislaci\u00f3 i la pol\u00edtica sobre habitatge a Europa. Al llarg de la seva obra, Christoph Schmid posa l&#8217;\u00e8mfasi en les implicacions socials, econ\u00f2miques i pol\u00edtiques del Dret privat. Les seves publicacions inclouen contribucions en revisions de lleis alemanyes, angleses, franceses, neerlandeses, americanes i canadenques. Les seves activitats d&#8217;assessorament inclouen estudis per al Parlament Europeu, la Comissi\u00f3 Europea, l&#8217;OCDE i els governs d&#8217;Alemanya, Portugal i Est\u00f2nia. Ha estat professor convidat a les Universitats de Nijmegen, Sarajevo, Novi Sad, Rijeka, Tarragona, La Laguna, Trento i Sassari.<\/p>\n<\/div><\/section>\n","protected":false},"excerpt":{"rendered":"","protected":false},"author":2,"featured_media":0,"parent":3150,"menu_order":0,"comment_status":"closed","ping_status":"closed","template":"","meta":{"footnotes":"","_wp_rev_ctl_limit":""},"class_list":["post-19355","page","type-page","status-publish","hentry"],"_links":{"self":[{"href":"https:\/\/housing.urv.cat\/en\/wp-json\/wp\/v2\/pages\/19355","targetHints":{"allow":["GET"]}}],"collection":[{"href":"https:\/\/housing.urv.cat\/en\/wp-json\/wp\/v2\/pages"}],"about":[{"href":"https:\/\/housing.urv.cat\/en\/wp-json\/wp\/v2\/types\/page"}],"author":[{"embeddable":true,"href":"https:\/\/housing.urv.cat\/en\/wp-json\/wp\/v2\/users\/2"}],"replies":[{"embeddable":true,"href":"https:\/\/housing.urv.cat\/en\/wp-json\/wp\/v2\/comments?post=19355"}],"version-history":[{"count":0,"href":"https:\/\/housing.urv.cat\/en\/wp-json\/wp\/v2\/pages\/19355\/revisions"}],"up":[{"embeddable":true,"href":"https:\/\/housing.urv.cat\/en\/wp-json\/wp\/v2\/pages\/3150"}],"wp:attachment":[{"href":"https:\/\/housing.urv.cat\/en\/wp-json\/wp\/v2\/media?parent=19355"}],"curies":[{"name":"wp","href":"https:\/\/api.w.org\/{rel}","templated":true}]}}

8è Seminari científic internacional

<style type="text/css" data-created_by="avia_inline_auto" id="style-css-av-k5dm4u2i-e219713a8f44917724efb1c0374a1165">
.avia-image-container.av-k5dm4u2i-e219713a8f44917724efb1c0374a1165 img.avia_image{
box-shadow:none;
}
.avia-image-container.av-k5dm4u2i-e219713a8f44917724efb1c0374a1165 .av-image-caption-overlay-center{
color:#ffffff;
}
</style>
<div  class='avia-image-container av-k5dm4u2i-e219713a8f44917724efb1c0374a1165 av-styling- avia-align-center  avia-builder-el-0  el_before_av_heading  avia-builder-el-first '   itemprop="image" itemscope="itemscope" itemtype="https://schema.org/ImageObject" ><div class="avia-image-container-inner"><div class="avia-image-overlay-wrap"><img decoding="async" fetchpriority="high" class='wp-image-14561 avia-img-lazy-loading-not-14561 avia_image ' src="https://housing.urv.cat/wp-content/uploads/2017/09/logo-footer-catedra-unesco-habitatge-cat.png" alt='' title='logo-footer-catedra-unesco-habitatge-cat'  height="160" width="600"  itemprop="thumbnailUrl"  /></div></div></div>

<style type="text/css" data-created_by="avia_inline_auto" id="style-css-av-av_heading-bc69054b00b48b35d41852070480183c">
#top .av-special-heading.av-av_heading-bc69054b00b48b35d41852070480183c{
padding-bottom:10px;
}
body .av-special-heading.av-av_heading-bc69054b00b48b35d41852070480183c .av-special-heading-tag .heading-char{
font-size:25px;
}
.av-special-heading.av-av_heading-bc69054b00b48b35d41852070480183c .av-subheading{
font-size:15px;
}
</style>
<div  class='av-special-heading av-av_heading-bc69054b00b48b35d41852070480183c av-special-heading-h3  avia-builder-el-1  el_after_av_image  el_before_av_hr '><h3 class='av-special-heading-tag '  itemprop="headline"  >8è Seminari científic internacional: <span class='special_amp'>“</span>Els índex de referència de preus de lloguer: el cas de Berlín<span class='special_amp'>”</span></h3><div class="special-heading-border"><div class="special-heading-inner-border"></div></div></div>
<div  class='hr av-pcu7lo-4e579072d638d02691c89457e8748ff6 hr-default  avia-builder-el-2  el_after_av_heading  el_before_av_textblock '><span class='hr-inner '><span class="hr-inner-style"></span></span></div>
<section  class='av_textblock_section av-k5dm5tv3-f104004c3a24ec9917785cb414dbd1f0 '   itemscope="itemscope" itemtype="https://schema.org/CreativeWork" ><div class='avia_textblock'  itemprop="text" ><p style="text-align: center;">Tarragona, <strong>dimecres 5 de febrer</strong> de 2020, <strong>12:00h</strong></p>
<p style="text-align: center;"><strong>Sala de Juntes</strong>, Campus Catalunya URV</p>
<p style="text-align: center;">Av. Catalunya, 35, Tarragona</p>
</div></section>
<div  class='hr av-tl0lto-5960d798f7b01259d65eb89e8bf65c6f hr-default  avia-builder-el-4  el_after_av_textblock  el_before_av_textblock '><span class='hr-inner '><span class="hr-inner-style"></span></span></div>
<section  class='av_textblock_section av-k5dm65hd-d46325abf20aec442b50f5777429cef6 '   itemscope="itemscope" itemtype="https://schema.org/CreativeWork" ><div class='avia_textblock'  itemprop="text" ><p><strong>Programa</strong></p>
<p>12:00-12:15: <strong>Inauguració</strong> del seminari per part del <strong>Prof. Dr. Sergio Nasarre Aznar</strong>, Catedràtic de Dret Civil i Director de la Càtedra UNESCO d’Habitatge</p>
<p>12:15-13:00: <strong>Ponència</strong>: “<em>Alleviating Housing Shortage and Intensification through Rent Freeze and Rent Caps? The case of the City of Berlin</em>”, a càrrec del <strong>Prof. Dr. Christoph U. Schmid</strong>, Catedràtic de Dret Civil a la Universitat de Bremen (Alemanya)<em>. </em></p>
<p><em> </em></p>
<p>13:00-13:30: <strong>Discussió</strong></p>
<p>Assistència lliure. Es necessita inscripció. Inscripció gratuïta.</p>
<p>Per a procedir a la inscripció i per a més informació, contactar a <a href="mailto:nuria.lambea@urv.cat">nuria.lambea@urv.cat</a> o al telèfon 977 55 83 61.</p>
</div></section>
<div  class='hr av-2xga58-4619118ecb646096dda2917e1ec426c8 hr-default  avia-builder-el-6  el_after_av_textblock  el_before_av_textblock '><span class='hr-inner '><span class="hr-inner-style"></span></span></div>
<section  class='av_textblock_section av-k5dmdjmo-3ee2f21ba87123172e81427aa8863138 '   itemscope="itemscope" itemtype="https://schema.org/CreativeWork" ><div class='avia_textblock'  itemprop="text" ><p style="text-align: justify;"><img loading="lazy" decoding="async" class="alignleft wp-image-19325 " src="http://housing.urv.cat/wp-content/uploads/2020/01/Foto-Christoph-Schmid-249x300.jpg" alt="" width="174" height="210" />El <strong>Prof. Dr. Christoph U. Schmid </strong>és Catedràtic de Dret civil a la Universitat de Bremen (Alemanya) i treballa en els camps del Dret privat, comparat i econòmic europeu. Els seus principals projectes de recerca anteriors tracten la interacció de la Llei de vendes de les Nacions Unides i el dret intern i el conflicte entre el comerç i el dret constitucional internacional, europeu i nacional. La seva tesi d&#8217;habilitació es va dedicar a l’europeïtzació del Dret privat i va analitzar el canvi de paradigmes socio-jurídics bàsics com a conseqüència del procés d&#8217;integració. El seu treball més recent tracta la legislació i la política sobre habitatge a Europa. Al llarg de la seva obra, Christoph Schmid posa l&#8217;èmfasi en les implicacions socials, econòmiques i polítiques del Dret privat. Les seves publicacions inclouen contribucions en revisions de lleis alemanyes, angleses, franceses, neerlandeses, americanes i canadenques. Les seves activitats d&#8217;assessorament inclouen estudis per al Parlament Europeu, la Comissió Europea, l&#8217;OCDE i els governs d&#8217;Alemanya, Portugal i Estònia. Ha estat professor convidat a les Universitats de Nijmegen, Sarajevo, Novi Sad, Rijeka, Tarragona, La Laguna, Trento i Sassari.</p>
</div></section>
